{"id":7,"date":"2025-06-04T09:27:36","date_gmt":"2025-06-04T09:27:36","guid":{"rendered":"https:\/\/www.annaunelmienelaa.fi\/?page_id=7"},"modified":"2025-06-11T10:37:48","modified_gmt":"2025-06-11T10:37:48","slug":"elementor-7","status":"publish","type":"page","link":"https:\/\/www.annaunelmienelaa.fi\/","title":{"rendered":"Anna Unelmien El\u00e4\u00e4"},"content":{"rendered":"\t\t<div data-elementor-type=\"wp-post\" data-elementor-id=\"7\" class=\"elementor elementor-7\">\n\t\t\t\t<div class=\"elementor-element elementor-element-cff4349 e-flex e-con-boxed e-con e-parent\" data-id=\"cff4349\" data-element_type=\"container\" data-e-type=\"container\">\n\t\t\t\t\t<div class=\"e-con-inner\">\n\t\t\t\t<div class=\"elementor-element elementor-element-2c95244 elementor-widget elementor-widget-image\" data-id=\"2c95244\" data-element_type=\"widget\" data-e-type=\"widget\" data-widget_type=\"image.default\">\n\t\t\t\t<div class=\"elementor-widget-container\">\n\t\t\t\t\t\t\t\t\t\t\t\t\t\t\t<img fetchpriority=\"high\" decoding=\"async\" width=\"500\" height=\"134\" src=\"https:\/\/www.annaunelmienelaa.fi\/wp-content\/uploads\/2025\/06\/Superpesis_kantasolurekisteri.png\" class=\"attachment-full size-full wp-image-74\" alt=\"\" srcset=\"https:\/\/www.annaunelmienelaa.fi\/wp-content\/uploads\/2025\/06\/Superpesis_kantasolurekisteri.png 500w, https:\/\/www.annaunelmienelaa.fi\/wp-content\/uploads\/2025\/06\/Superpesis_kantasolurekisteri-300x80.png 300w\" sizes=\"(max-width: 500px) 100vw, 500px\" \/>\t\t\t\t\t\t\t\t\t\t\t\t\t\t\t<\/div>\n\t\t\t\t<\/div>\n\t\t\t\t\t<\/div>\n\t\t\t\t<\/div>\n\t\t<div class=\"elementor-element elementor-element-cc5f25a e-grid e-con-boxed e-con e-parent\" data-id=\"cc5f25a\" data-element_type=\"container\" data-e-type=\"container\" data-settings=\"{&quot;background_background&quot;:&quot;slideshow&quot;,&quot;background_slideshow_gallery&quot;:[{&quot;id&quot;:196,&quot;url&quot;:&quot;https:\\\/\\\/www.annaunelmienelaa.fi\\\/wp-content\\\/uploads\\\/2025\\\/06\\\/emilia_i.jpg&quot;}],&quot;background_slideshow_loop&quot;:&quot;yes&quot;,&quot;background_slideshow_slide_duration&quot;:5000,&quot;background_slideshow_slide_transition&quot;:&quot;fade&quot;,&quot;background_slideshow_transition_duration&quot;:500}\">\n\t\t\t\t\t<div class=\"e-con-inner\">\n\t\t\t\t<div class=\"elementor-element elementor-element-3367fa4 elementor-widget elementor-widget-heading\" data-id=\"3367fa4\" data-element_type=\"widget\" data-e-type=\"widget\" data-widget_type=\"heading.default\">\n\t\t\t\t<div class=\"elementor-widget-container\">\n\t\t\t\t\t<h1 class=\"elementor-heading-title elementor-size-default\">ANNA UNELMIEN EL\u00c4\u00c4 - LIITY KANTASOLUREKISTERIIN<\/h1>\t\t\t\t<\/div>\n\t\t\t\t<\/div>\n\t\t\t\t<div class=\"elementor-element elementor-element-f0aebf7 elementor-widget elementor-widget-text-editor\" data-id=\"f0aebf7\" data-element_type=\"widget\" data-e-type=\"widget\" data-widget_type=\"text-editor.default\">\n\t\t\t\t<div class=\"elementor-widget-container\">\n\t\t\t\t\t\t\t\t\t<p class=\"p1\">Meill\u00e4 kaikilla on lapsena unelmia, ja el\u00e4m\u00e4 tarjoaa jokaiselle mahdollisuuksia toteuttaa ainakin joitakin niist\u00e4. Melkein kaikille. Vakavan sairauden sattuessa el\u00e4m\u00e4 ja unelmat ovat vaarassa. T\u00e4ll\u00e4kin hetkell\u00e4 monet Suomessa odottavat kantasoluluovuttajaa.<\/p>\t\t\t\t\t\t\t\t<\/div>\n\t\t\t\t<\/div>\n\t\t\t\t<div class=\"elementor-element elementor-element-f462cc1 elementor-widget elementor-widget-button\" data-id=\"f462cc1\" data-element_type=\"widget\" data-e-type=\"widget\" data-widget_type=\"button.default\">\n\t\t\t\t<div class=\"elementor-widget-container\">\n\t\t\t\t\t\t\t\t\t<div class=\"elementor-button-wrapper\">\n\t\t\t\t\t<a class=\"elementor-button elementor-button-link elementor-size-sm\" href=\"https:\/\/testaa.veripalvelu.fi\/annaunelmienelaa\">\n\t\t\t\t\t\t<span class=\"elementor-button-content-wrapper\">\n\t\t\t\t\t\t\t\t\t<span class=\"elementor-button-text\">TESTAA VOITKO LIITTY\u00c4<\/span>\n\t\t\t\t\t<\/span>\n\t\t\t\t\t<\/a>\n\t\t\t\t<\/div>\n\t\t\t\t\t\t\t\t<\/div>\n\t\t\t\t<\/div>\n\t\t\t\t\t<\/div>\n\t\t\t\t<\/div>\n\t\t<div class=\"elementor-element elementor-element-be75d0a e-flex e-con-boxed e-con e-parent\" data-id=\"be75d0a\" data-element_type=\"container\" data-e-type=\"container\">\n\t\t\t\t\t<div class=\"e-con-inner\">\n\t\t\t\t<div class=\"elementor-element elementor-element-9308272 elementor-widget elementor-widget-heading\" data-id=\"9308272\" data-element_type=\"widget\" data-e-type=\"widget\" data-widget_type=\"heading.default\">\n\t\t\t\t<div class=\"elementor-widget-container\">\n\t\t\t\t\t<h2 class=\"elementor-heading-title elementor-size-default\">ANNA UNELMIEN EL\u00c4\u00c4 -KAMPANJA<\/h2>\t\t\t\t<\/div>\n\t\t\t\t<\/div>\n\t\t\t\t<div class=\"elementor-element elementor-element-008b25e elementor-widget elementor-widget-text-editor\" data-id=\"008b25e\" data-element_type=\"widget\" data-e-type=\"widget\" data-widget_type=\"text-editor.default\">\n\t\t\t\t<div class=\"elementor-widget-container\">\n\t\t\t\t\t\t\t\t\t<p>Superpesis yhdess\u00e4 Punaisen Ristin Veripalvelun kanssa kannustaa erityisesti 18\u201335-vuotiaita liittym\u00e4\u00e4n Kantasolurekisteriin. Se on pieni teko sinulta, mutta voi merkit\u00e4 koko el\u00e4m\u00e4\u00e4 jollekin toiselle. Kantasolurekisterin j\u00e4senen\u00e4 voit kirjaimellisesti pelastaa jonkun hengen. Uusia 18-35-vuotiaita j\u00e4seni\u00e4 tarvitaan!<\/p>\t\t\t\t\t\t\t\t<\/div>\n\t\t\t\t<\/div>\n\t\t\t\t\t<\/div>\n\t\t\t\t<\/div>\n\t\t<div class=\"elementor-element elementor-element-050c1da e-flex e-con-boxed e-con e-parent\" data-id=\"050c1da\" data-element_type=\"container\" data-e-type=\"container\">\n\t\t\t\t\t<div class=\"e-con-inner\">\n\t\t<div class=\"elementor-element elementor-element-5e27abc e-con-full e-flex e-con e-child\" data-id=\"5e27abc\" data-element_type=\"container\" data-e-type=\"container\">\n\t\t\t\t<div class=\"elementor-element elementor-element-e071ec7 elementor-widget elementor-widget-video\" data-id=\"e071ec7\" data-element_type=\"widget\" data-e-type=\"widget\" data-settings=\"{&quot;youtube_url&quot;:&quot;https:\\\/\\\/www.youtube.com\\\/watch?v=6ndGUAiYDF4&quot;,&quot;video_type&quot;:&quot;youtube&quot;,&quot;controls&quot;:&quot;yes&quot;}\" data-widget_type=\"video.default\">\n\t\t\t\t<div class=\"elementor-widget-container\">\n\t\t\t\t\t\t\t<div class=\"elementor-wrapper elementor-open-inline\">\n\t\t\t<div class=\"elementor-video\"><\/div>\t\t<\/div>\n\t\t\t\t\t\t<\/div>\n\t\t\t\t<\/div>\n\t\t\t\t<\/div>\n\t\t<div class=\"elementor-element elementor-element-3a8332c e-con-full e-flex e-con e-child\" data-id=\"3a8332c\" data-element_type=\"container\" data-e-type=\"container\">\n\t\t\t\t<div class=\"elementor-element elementor-element-5d6e52a elementor-widget elementor-widget-video\" data-id=\"5d6e52a\" data-element_type=\"widget\" data-e-type=\"widget\" data-settings=\"{&quot;youtube_url&quot;:&quot;https:\\\/\\\/www.youtube.com\\\/watch?v=qDEKBnsNIRM&amp;feature=youtu.be&quot;,&quot;video_type&quot;:&quot;youtube&quot;,&quot;controls&quot;:&quot;yes&quot;}\" data-widget_type=\"video.default\">\n\t\t\t\t<div class=\"elementor-widget-container\">\n\t\t\t\t\t\t\t<div class=\"elementor-wrapper elementor-open-inline\">\n\t\t\t<div class=\"elementor-video\"><\/div>\t\t<\/div>\n\t\t\t\t\t\t<\/div>\n\t\t\t\t<\/div>\n\t\t\t\t<\/div>\n\t\t\t\t\t<\/div>\n\t\t\t\t<\/div>\n\t\t<div class=\"elementor-element elementor-element-d9089f5 e-flex e-con-boxed e-con e-parent\" data-id=\"d9089f5\" data-element_type=\"container\" data-e-type=\"container\" data-settings=\"{&quot;background_background&quot;:&quot;classic&quot;}\">\n\t\t\t\t\t<div class=\"e-con-inner\">\n\t\t\t\t<div class=\"elementor-element elementor-element-27571bb elementor-widget elementor-widget-heading\" data-id=\"27571bb\" data-element_type=\"widget\" data-e-type=\"widget\" data-widget_type=\"heading.default\">\n\t\t\t\t<div class=\"elementor-widget-container\">\n\t\t\t\t\t<h2 class=\"elementor-heading-title elementor-size-default\">MIK\u00c4 ON KANTASOLUREKISTERI?<\/h2>\t\t\t\t<\/div>\n\t\t\t\t<\/div>\n\t\t\t\t<div class=\"elementor-element elementor-element-39051d9 elementor-widget elementor-widget-text-editor\" data-id=\"39051d9\" data-element_type=\"widget\" data-e-type=\"widget\" data-widget_type=\"text-editor.default\">\n\t\t\t\t<div class=\"elementor-widget-container\">\n\t\t\t\t\t\t\t\t\t<p>Kantasolurekisteri on joukko vapaaehtoisia, joiden joukosta etsit\u00e4\u00e4n sopivaa luovuttajaa vakavasti sairaille potilaille. Vuoden aikana n. 40 rekisterin j\u00e4sent\u00e4 p\u00e4\u00e4see luovuttamaan kantasoluja. Luovuttaja valitaan kudostyypin perusteella. Kantasolusiirre on potilaan viimeinen vaihtoehto pelastua.<\/p><p>T\u00e4ll\u00e4 hetkell\u00e4 Suomessa joka viidennelle potilaalle ei l\u00f6ydy parasta sopivaa luovuttajaa.<\/p>\t\t\t\t\t\t\t\t<\/div>\n\t\t\t\t<\/div>\n\t\t\t\t<div class=\"elementor-element elementor-element-c155302 elementor-widget elementor-widget-heading\" data-id=\"c155302\" data-element_type=\"widget\" data-e-type=\"widget\" data-widget_type=\"heading.default\">\n\t\t\t\t<div class=\"elementor-widget-container\">\n\t\t\t\t\t<h2 class=\"elementor-heading-title elementor-size-default\">KUKA VOI LIITTY\u00c4 KANTASOLUREKISTERIIN?<\/h2>\t\t\t\t<\/div>\n\t\t\t\t<\/div>\n\t\t\t\t<div class=\"elementor-element elementor-element-f8d6cff elementor-widget elementor-widget-text-editor\" data-id=\"f8d6cff\" data-element_type=\"widget\" data-e-type=\"widget\" data-widget_type=\"text-editor.default\">\n\t\t\t\t<div class=\"elementor-widget-container\">\n\t\t\t\t\t\t\t\t\t<p>Voit liitty\u00e4 Kantasolurekisteriin, jos olet 18-35-vuotias ja perusterve.<\/p><p>Liittyess\u00e4si kudostyyppisi tallennetaan rekisteriin. Potilaalle valitaan kudostyypilt\u00e4\u00e4n parhaiten sopiva luovuttaja. Rekisteriin liittyminen ei tarkoita, ett\u00e4 luovuttaisit heti \u2013 el\u00e4t normaalisti, ja otamme yhteytt\u00e4, jos olet jollekin t\u00e4ydellinen match.<\/p>\t\t\t\t\t\t\t\t<\/div>\n\t\t\t\t<\/div>\n\t\t\t\t<div class=\"elementor-element elementor-element-5680161 elementor-widget elementor-widget-heading\" data-id=\"5680161\" data-element_type=\"widget\" data-e-type=\"widget\" data-widget_type=\"heading.default\">\n\t\t\t\t<div class=\"elementor-widget-container\">\n\t\t\t\t\t<h2 class=\"elementor-heading-title elementor-size-default\">MITEN KANTASOLUJA LUOVUTETAAN?<\/h2>\t\t\t\t<\/div>\n\t\t\t\t<\/div>\n\t\t\t\t<div class=\"elementor-element elementor-element-391ee5c elementor-widget elementor-widget-text-editor\" data-id=\"391ee5c\" data-element_type=\"widget\" data-e-type=\"widget\" data-widget_type=\"text-editor.default\">\n\t\t\t\t<div class=\"elementor-widget-container\">\n\t\t\t\t\t\t\t\t\t<p>Kantasoluja voi luovuttaa kahdella tavalla: verenkierrosta tai lantion luuytimest\u00e4. Kantasolujen luovuttaminen on turvallista. Kantasolujen luovuttajalle ei makseta palkkiota, mutta kaikki kulut korvataan. 23-vuotiaana kantasoluja luovuttanut Joni kuvailee kokemuksiaan n\u00e4in: <em>\u201dEl\u00e4m\u00e4ni paras teko. Haluaisin luovuttaa uudestaan.\u201d<\/em><\/p>\t\t\t\t\t\t\t\t<\/div>\n\t\t\t\t<\/div>\n\t\t\t\t<div class=\"elementor-element elementor-element-e15205d elementor-widget elementor-widget-button\" data-id=\"e15205d\" data-element_type=\"widget\" data-e-type=\"widget\" data-widget_type=\"button.default\">\n\t\t\t\t<div class=\"elementor-widget-container\">\n\t\t\t\t\t\t\t\t\t<div class=\"elementor-button-wrapper\">\n\t\t\t\t\t<a class=\"elementor-button elementor-button-link elementor-size-sm\" href=\"https:\/\/testaa.veripalvelu.fi\/annaunelmienelaa\">\n\t\t\t\t\t\t<span class=\"elementor-button-content-wrapper\">\n\t\t\t\t\t\t\t\t\t<span class=\"elementor-button-text\">TESTAA VOITKO LIITTY\u00c4<\/span>\n\t\t\t\t\t<\/span>\n\t\t\t\t\t<\/a>\n\t\t\t\t<\/div>\n\t\t\t\t\t\t\t\t<\/div>\n\t\t\t\t<\/div>\n\t\t\t\t\t<\/div>\n\t\t\t\t<\/div>\n\t\t<div class=\"elementor-element elementor-element-6768480 e-flex e-con-boxed e-con e-parent\" data-id=\"6768480\" data-element_type=\"container\" data-e-type=\"container\" data-settings=\"{&quot;background_background&quot;:&quot;classic&quot;}\">\n\t\t\t\t\t<div class=\"e-con-inner\">\n\t\t\t\t<div class=\"elementor-element elementor-element-ef53f74 elementor-widget elementor-widget-heading\" data-id=\"ef53f74\" data-element_type=\"widget\" data-e-type=\"widget\" data-widget_type=\"heading.default\">\n\t\t\t\t<div class=\"elementor-widget-container\">\n\t\t\t\t\t<h2 class=\"elementor-heading-title elementor-size-default\">SUPERPESIS  - TUNTEIDEN PALO<\/h2>\t\t\t\t<\/div>\n\t\t\t\t<\/div>\n\t\t\t\t<div class=\"elementor-element elementor-element-b3f3587 elementor-widget elementor-widget-text-editor\" data-id=\"b3f3587\" data-element_type=\"widget\" data-e-type=\"widget\" data-widget_type=\"text-editor.default\">\n\t\t\t\t<div class=\"elementor-widget-container\">\n\t\t\t\t\t\t\t\t\t<p>Superpesis sytytt\u00e4\u00e4 syd\u00e4met kylist\u00e4 kaupunkeihin. Haluamme, ett\u00e4 Superpesis yhdist\u00e4\u00e4 ihmiset, luo yst\u00e4vyyksi\u00e4 ja rakentaa yhteis\u00f6n, jonne jokainen tuntee kuuluvansa. Superpesis on suomalaisen kes\u00e4n syk\u00e4hdytt\u00e4vin urheilushow!<\/p>\t\t\t\t\t\t\t\t<\/div>\n\t\t\t\t<\/div>\n\t\t\t\t\t<\/div>\n\t\t\t\t<\/div>\n\t\t<div class=\"elementor-element elementor-element-7919be8 e-flex e-con-boxed e-con e-parent\" data-id=\"7919be8\" data-element_type=\"container\" data-e-type=\"container\">\n\t\t\t\t\t<div class=\"e-con-inner\">\n\t\t\t\t<div class=\"elementor-element elementor-element-9fcef7d elementor-widget elementor-widget-image\" data-id=\"9fcef7d\" data-element_type=\"widget\" data-e-type=\"widget\" data-widget_type=\"image.default\">\n\t\t\t\t<div class=\"elementor-widget-container\">\n\t\t\t\t\t\t\t\t\t\t\t\t\t\t\t<img fetchpriority=\"high\" decoding=\"async\" width=\"500\" height=\"134\" src=\"https:\/\/www.annaunelmienelaa.fi\/wp-content\/uploads\/2025\/06\/Superpesis_kantasolurekisteri.png\" class=\"attachment-full size-full wp-image-74\" alt=\"\" srcset=\"https:\/\/www.annaunelmienelaa.fi\/wp-content\/uploads\/2025\/06\/Superpesis_kantasolurekisteri.png 500w, https:\/\/www.annaunelmienelaa.fi\/wp-content\/uploads\/2025\/06\/Superpesis_kantasolurekisteri-300x80.png 300w\" sizes=\"(max-width: 500px) 100vw, 500px\" \/>\t\t\t\t\t\t\t\t\t\t\t\t\t\t\t<\/div>\n\t\t\t\t<\/div>\n\t\t\t\t\t<\/div>\n\t\t\t\t<\/div>\n\t\t<div class=\"elementor-element elementor-element-4bf9d87 e-flex e-con-boxed e-con e-parent\" data-id=\"4bf9d87\" data-element_type=\"container\" data-e-type=\"container\" data-settings=\"{&quot;background_background&quot;:&quot;classic&quot;}\">\n\t\t\t\t\t<div class=\"e-con-inner\">\n\t\t\t\t<div class=\"elementor-element elementor-element-07d3cd7 elementor-widget elementor-widget-heading\" data-id=\"07d3cd7\" data-element_type=\"widget\" data-e-type=\"widget\" data-widget_type=\"heading.default\">\n\t\t\t\t<div class=\"elementor-widget-container\">\n\t\t\t\t\t<p class=\"elementor-heading-title elementor-size-default\">All Rights Reserved \u00a9 Superpesis 2025<\/p>\t\t\t\t<\/div>\n\t\t\t\t<\/div>\n\t\t\t\t\t<\/div>\n\t\t\t\t<\/div>\n\t\t\t\t<\/div>\n\t\t","protected":false},"excerpt":{"rendered":"<p>ANNA UNELMIEN EL\u00c4\u00c4 &#8211; LIITY KANTASOLUREKISTERIIN Meill\u00e4 kaikilla on lapsena unelmia, ja el\u00e4m\u00e4 tarjoaa jokaiselle mahdollisuuksia toteuttaa ainakin joitakin niist\u00e4. Melkein kaikille. Vakavan sairauden sattuessa el\u00e4m\u00e4 ja unelmat ovat vaarassa. T\u00e4ll\u00e4kin hetkell\u00e4 monet Suomessa odottavat kantasoluluovuttajaa. TESTAA VOITKO LIITTY\u00c4 ANNA UNELMIEN EL\u00c4\u00c4 -KAMPANJA Superpesis yhdess\u00e4 Punaisen Ristin Veripalvelun kanssa kannustaa erityisesti 18\u201335-vuotiaita liittym\u00e4\u00e4n Kantasolurekisteriin. Se [&hellip;]<\/p>\n","protected":false},"author":1,"featured_media":0,"parent":0,"menu_order":0,"comment_status":"closed","ping_status":"closed","template":"elementor_canvas","meta":{"footnotes":""},"class_list":["post-7","page","type-page","status-publish","hentry"],"_links":{"self":[{"href":"https:\/\/www.annaunelmienelaa.fi\/index.php?rest_route=\/wp\/v2\/pages\/7","targetHints":{"allow":["GET"]}}],"collection":[{"href":"https:\/\/www.annaunelmienelaa.fi\/index.php?rest_route=\/wp\/v2\/pages"}],"about":[{"href":"https:\/\/www.annaunelmienelaa.fi\/index.php?rest_route=\/wp\/v2\/types\/page"}],"author":[{"embeddable":true,"href":"https:\/\/www.annaunelmienelaa.fi\/index.php?rest_route=\/wp\/v2\/users\/1"}],"replies":[{"embeddable":true,"href":"https:\/\/www.annaunelmienelaa.fi\/index.php?rest_route=%2Fwp%2Fv2%2Fcomments&post=7"}],"version-history":[{"count":277,"href":"https:\/\/www.annaunelmienelaa.fi\/index.php?rest_route=\/wp\/v2\/pages\/7\/revisions"}],"predecessor-version":[{"id":326,"href":"https:\/\/www.annaunelmienelaa.fi\/index.php?rest_route=\/wp\/v2\/pages\/7\/revisions\/326"}],"wp:attachment":[{"href":"https:\/\/www.annaunelmienelaa.fi\/index.php?rest_route=%2Fwp%2Fv2%2Fmedia&parent=7"}],"curies":[{"name":"wp","href":"https:\/\/api.w.org\/{rel}","templated":true}]}}